What is the remainder when 27014200 is divided by 13507097?
6
Calculate the remainder when 12871 is divided by 5064.
2743
Calculate the remainder when 576808 is divided by 191755.
1543
Calculate the remainder when 781986 is divided by 662.
164
What is the remainder when 4014927 is divided by 29?
22
Calculate the remainder when 64855295 is divided by 44.
43
Calculate the remainder when 166121 is divided by 166015.
106
What is the remainder when 1034814 is divided by 4043?
3849
What is the remainder when 613906 is divided by 21925?
6
Calculate the remainder when 276941 is divided by 723.
32
What is the remainder when 500637 is divided by 125157?
9
Calculate the remainder when 25078188 is divided by 25078186.
2
What is the remainder when 1935464 is divided by 545?
169
What is the remainder when 12499798 is divided by 199?
11
What is the remainder when 45459 is divided by 3232?
211
What is the remainder when 135498 is divided by 9?
3
What is the remainder when 67842 is divided by 2484?
774
What is the remainder when 19981048 is divided by 93?
91
What is the remainder when 6854133 is divided by 1713419?
457
What is the remainder when 30076 is divided by 7484?
140
What is the remainder when 340657 is divided by 233?
11
Calculate the remainder when 2112995 is divided by 4727.
26
Calculate the remainder when 107284 is divided by 1375.
34
Calculate the remainder when 3589 is divided by 2026.
1563
Calculate the remainder when 18358751 is divided by 2991.
2984
Calculate the remainder when 478109 is divided by 12896.
957
Calculate the remainder when 3423351 is divided by 36.
3
What is the remainder when 12075 is divided by 2112?
1515
Calculate the remainder when 8217372 is divided by 1275.
1272
What is the remainder when 16725173 is divided by 13?
10
What is the remainder when 87008966 is divided by 970?
936
What is the remainder when 10102795 is divided by 596?
595
Calculate the remainder when 83745487 is divided by 163.
162
Calculate the remainder when 1053002 is divided by 47.
14
What is the remainder when 26954 is divided by 293?
291
What is the remainder when 3766707 is divided by 798?
147
Calculate the remainder when 398235 is divided by 1029.
12
Calculate the remainder when 567884 is divided by 189154.
422
What is the remainder when 98648 is divided by 235?
183
Calculate the remainder when 622366 is divided by 388.
14
Calculate the remainder when 2027710 is divided by 1360.
1310
What is the remainder when 184844 is divided by 1444?
12
Calculate the remainder when 16565250 is divided by 16565242.
8
Calculate the remainder when 162686 is divided by 81328.
30
Calculate the remainder when 16019194 is divided by 367.
11
What is the remainder when 4789915 is divided by 2394953?
9
Calculate the remainder when 13981239 is divided by 699061.
19
What is the remainder when 3796 is divided by 646?
566
What is the remainder when 1014117 is divided by 344?
5
What is the remainder when 59844802 is divided by 162?
58
Calculate the remainder when 1137104 is divided by 162422.
150
What is the remainder when 800542 is divided by 266794?
160
Calculate the remainder when 1035091 is divided by 207005.
66
Calculate the remainder when 282024 is divided by 1772.
276
What is the remainder when 813329 is divided by 5809?
69
What is the remainder when 52591 is divided by 1319?
1150
What is the remainder when 1940192 is divided by 8818?
232
What is the remainder when 11431 is divided by 268?
175
Calculate the remainder when 11883572 is divided by 9.
8
Calculate the remainder when 1949105 is divided by 243638.
1
Calculate the remainder when 1043742 is divided by 8414.
406
What is the remainder when 9412854 is divided by 90?
24
Calculate the remainder when 2964395 is divided by 212.
211
Calculate the remainder when 18368 is divided by 3235.
2193
What is the remainder when 10693443 is divided by 173?
140
Calculate the remainder when 25996164 is divided by 406190.
4
What is the remainder when 5092 is divided by 386?
74
What is the remainder when 2732843 is divided by 642?
491
What is the remainder when 330973 is divided by 165485?
3
What is the remainder when 9336541 is divided by 76529?
3
What is the remainder when 98913236 is divided by 48?
20
Calculate the remainder when 10617 is divided by 2055.
342
What is the remainder when 140858 is divided by 879?
218
Calculate the remainder when 11072688 is divided by 11072681.
7
What is the remainder when 3195800 is divided by 9?
8
What is the remainder when 9776595 is divided by 2544?
3
Calculate the remainder when 110764 is divided by 110379.
385
Calculate the remainder when 32840 is divided by 8374.
7718
Calculate the remainder when 11398745 is divided by 79.
72
Calculate the remainder when 42055 is divided by 13896.
367
What is the remainder when 455875 is divided by 13?
4
Calculate the remainder when 725132 is divided by 362556.
20
What is the remainder when 38508511 is divided by 1312?
1311
What is the remainder when 4114796 is divided by 89452?
4
Calculate the remainder when 2345176 is divided by 73286.
24
Calculate the remainder when 156538 is divided by 3391.
552
Calculate the remainder when 918791 is divided by 229640.
231
Calculate the remainder when 11035121 is divided by 874.
871
What is the remainder when 10992263 is divided by 1649?
29
Calculate the remainder when 2181038 is divided by 363491.
92
Calculate the remainder when 14927698 is divided by 474.
16
Calculate the remainder when 76349951 is divided by 19087485.
11
What is the remainder when 27032 is divided by 31?
0
What is the remainder when 21913177 is divided by 179?
176
Calculate the remainder when 542852 is divided by 542846.
6
What is the remainder when 324598 is divided by 254?
240
What is the remainder when 1232073 is divided by 205270?
453
Calculate the remainder when 263962 is divided by 7134.
4
Calculate the remainder when 16032 is divided by 3824.
736
What is the remainder when 4416477 is divided by 4416452?
25
Calculate the remainder when 31646 is divided by 1849.
213
What is the remainder when 624264 is divided by 14?
4
What is the remainder when 2423813 is divided by 161587?
8
What is the remainder when 218786 is divided by 5757?
20
Calculate the remainder when 156861545 is divided by 5031.
5027
Calculate the remainder when 3871565 is divided by 158.
91
Calculate the remainder when 27787 is divided by 815.
77
Calculate the remainder when 1429096374 is divided by 875.
874
What is the remainder when 200602 is divided by 1475?
2
Calculate the remainder when 10311 is divided by 3851.
2609
Calculate the remainder when 43204399 is divided by 23.
3
Calculate the remainder when 795493 is divided by 5132.
33
Calculate the remainder when 144064 is divided by 46582.
4318
What is the remainder when 200678 is divided by 96659?
7360
What is the remainder when 114747 is divided by 113800?
947
What is the remainder when 31716351 is divided by 31716347?
4
Calculate the remainder when 154033781 is divided by 122.
119
What is the remainder when 37202 is divided by 4349?
2410
Calculate the remainder when 8590531 is divided by 254.
251
Calculate the remainder when 314870 is divided by 6093.
4127
What is the remainder when 210366 is divided by 22904?
4230
Calculate the remainder when 292107 is divided by 7109.
638
Calculate the remainder when 3066753 is divided by 123.
117
Calculate the remainder when 247357 is divided by 247338.
19
Calculate the remainder when 34680 is divided by 2910.
2670
What is the remainder when 237442 is divided by 334?
302
What is the remainder when 3075298 is divided by 51?
49
Calculate the remainder when 12663669 is divided by 3.
0
Calculate the remainder when 1177261 is divided by 117726.
1
What is the remainder when 256968395 is divided by 153?
152
Calculate the remainder when 611792 is divided by 19718.
534
What is the remainder when 36036466 is divided by 28?
18
Calculate the remainder when 114107 is divided by 16088.
1491
What is the remainder when 2220 is divided by 1140?
1080
What is the remainder when 210648 is divided by 233?
16
What is the remainder when 2894303 is divided by 1833?
1829
Calculate the remainder when 265062 is divided by 44162.
90
What is the remainder when 56635 is divided by 18277?
1804
What is the remainder when 343